ors of 10691137.
47, 227471
What are the prime factors of 942773509?
1399, 673891
What are the prime factors of 54927563?
54927563
What are the prime factors of 120665388?
2, 3, 17, 331, 1787
List the prime factors of 119790687.
3, 17, 19, 181, 683
What are the prime factors of 484692875?
5, 3877543
List the prime factors of 482472808.
2, 60309101
List the prime factors of 252309538.
2, 13, 67, 144839
List the prime factors of 2294288458.
2, 7, 11, 89, 167393
What are the prime factors of 1048055021?
13, 47, 131947
List the prime factors of 1401579224.
2, 499, 351097
List the prime factors of 7712563770.
2, 3, 5, 157, 181943
What are the prime factors of 55158471?
3, 619, 9901
What are the prime factors of 7886542?
2, 107, 137, 269
What are the prime factors of 698364787?
698364787
List the prime factors of 4129293925.
5, 5521, 29917
What are the prime factors of 198423253?
7, 241, 117619
What are the prime factors of 2742494150?
2, 5, 11, 4986353
What are the prime factors of 23106113?
23106113
List the prime factors of 44899980.
2, 3, 5, 163, 4591
List the prime factors of 53439673.
7, 607, 12577
What are the prime factors of 1409664291?
3, 7, 9589553
List the prime factors of 1090257681.
3, 5107, 71161
What are the prime factors of 731510071?
1877, 389723
What are the prime factors of 821103532?
2, 205275883
What are the prime factors of 77470737?
3, 101, 255679
What are the prime factors of 754612037?
19, 23, 919, 1879
List the prime factors of 5581786216.
2, 697723277
List the prime factors of 1320526485.
3, 5, 23, 37, 34483
List the prime factors of 151492130.
2, 5, 19, 41, 19447
List the prime factors of 2946927055.
5, 589385411
List the prime factors of 79196798.
2, 37, 43, 24889
What are the prime factors of 496862004?
2, 3, 47, 880961
What are the prime factors of 481782546?
2, 3, 7, 1274557
What are the prime factors of 3840251100?
2, 3, 5, 7, 1828691
List the prime factors of 7838096673.
3, 11, 13103, 18127
What are the prime factors of 165117987?
3, 1013, 6037
List the prime factors of 224265900.
2, 3, 5, 41, 18233
What are the prime factors of 23644610?
2, 5, 11, 19541
What are the prime factors of 94408798?
2, 11, 390119
List the prime factors of 26267392.
2, 102607
List the prime factors of 931186499.
931186499
List the prime factors of 1976458592.
2, 113, 546587
List the prime factors of 2987641755.
3, 5, 7, 9484577
What are the prime factors of 51086481?
3, 31, 271, 2027
List the prime factors of 2886388074.
2, 3, 241, 257, 863
List the prime factors of 3857535288.
2, 3, 109, 491531
What are the prime factors of 2707589048?
2, 17, 19908743
What are the prime factors of 49704413?
11, 17, 131, 2029
What are the prime factors of 818645190?
2, 3, 5, 11, 2480743
What are the prime factors of 2386286540?
2, 5, 11, 113, 95989
List the prime factors of 2468522333.
2468522333
List the prime factors of 267070795.
5, 53414159
What are the prime factors of 424999286?
2, 17, 47, 265957
List the prime factors of 135724904.
2, 7, 19, 18223
What are the prime factors of 813970366?
2, 11, 4339, 8527
What are the prime factors of 895075662?
2, 3, 13, 29, 395701
What are the prime factors of 24142856?
2, 17, 167, 1063
What are the prime factors of 1414417523?
1414417523
What are the prime factors of 784173518?
2, 17, 1697, 13591
What are the prime factors of 5169838000?
2, 5, 281, 9199
What are the prime factors of 42606578?
2, 7, 434761
List the prime factors of 1388172899.
29, 47868031
What are the prime factors of 114230559?
3, 131, 290663
What are the prime factors of 193060289?
71, 353, 7703
What are the prime factors of 1979119490?
2, 5, 6571, 30119
List the prime factors of 364223818.
2, 7, 29, 897103
List the prime factors of 63200593.
19, 3326347
What are the prime factors of 47082076?
2, 19, 43, 14407
What are the prime factors of 2078872767?
3, 230985863
List the prime factors of 124522681.
124522681
List the prime factors of 11911618.
2, 509, 11701
What are the prime factors of 10675087?
10675087
List the prime factors of 33169517.
181, 401, 457
What are the prime factors of 734428782?
2, 3, 4533511
What are the prime factors of 132430188?
2, 3, 11, 1003259
List the prime factors of 74314853.
191, 389083
What are the prime factors of 83506739?
353, 236563
List the prime factors of 291264243.
3, 19, 5109899
List the prime factors of 5496697.
47, 107, 1093
What are the prime factors of 42947939?
797, 53887
What are the prime factors of 187195744?
2, 5849867
What are the prime factors of 2128559?
2128559
What are the prime factors of 31414053?
3, 11, 951941
What are the prime factors of 114242031?
3, 41, 309599
What are the prime factors of 142556213?
59, 2416207
List the prime factors of 605035881.
3, 61, 1102069
List the prime factors of 802093733.
7, 37, 757, 4091
List the prime factors of 46036439.
46036439
List the prime factors of 299521312.
2, 89, 251, 419
List the prime factors of 870140044.
2, 217535011
List the prime factors of 852788399.
179, 4764181
List the prime factors of 82658640.
2, 3, 5, 283, 1217
What are the prime factors of 445274768?
2, 103, 270191
List the prime factors of 41365705.
5, 53, 139, 1123
List the prime factors of 50447187.
3, 7, 397, 2017
List the prime factors of 743826107.
743826107
List the prime factors of 5362671093.
3, 13, 19, 97, 74609
List the prime factors of 1303096860.
2, 3, 5, 13, 157, 3547
List the prime factors of 136522415.
5, 37, 41, 439
What are the prime factors of 6984395390?
2, 5, 7, 99777077
List the prime factors of 52537485.
3, 5, 7, 11, 13, 3499
List the prime factors of 21928385.
5, 17, 257981
List the prime factors of 25864411.
73, 354307
List the prime factors of 540687826.
2, 7, 19, 2032661
List the prime factors of 159243508.
2, 41, 970997
What are the prime factors of 5678111051?
1481, 3833971
What are the prime factors of 910564527?
3, 109, 223, 12487
List the prime factors of 2686704703.
41, 109, 601187
What are the prime factors of 7105596?
2, 3, 592133
What are the prime factors of 495984758?
2, 17, 103, 141629
What are the prime factors of 1974505878?
2, 3, 19, 31, 186239
List the prime factors of 59288547.
3, 19762849
What are the prime factors of 574558247?
31, 18534137
List the prime factors of 128045140.
2, 5, 23, 251, 1109
What are the prime factors of 4489299020?
2, 5, 83, 467, 5791
List the prime factors of 116654570.
2, 5, 61, 191237
List the prime factors of 743362095.
3, 5, 7, 1011377
What are the prime factors of 288874150?
2, 5, 71, 81373
List the prime factors of 1626437542.
2, 59, 101, 239, 571
List the prime factors of 747343557.
3, 27679391
List the prime factors of 930771953.
930771953
What are the prime factors of 548473113?
3, 41, 55051
List the prime factors of 575379466.
2, 287689733
List the prime factors of 248165229.
3, 13, 991, 6421
List the prime factors of 172417552.
2, 19, 197, 2879
What are the prime factors of 1463478381?
3, 54202903
List the prime factors of 66604322.
2, 1109, 30029
What are the prime factors of 163711748?
2, 131, 312427
List the prime factors of 4850957532.
2, 3, 127, 3183043
What are the prime factors of 15731114?
2, 7, 1123651
What are the prime factors of 552667822?
2, 7, 39476273
What are the prime factors of 2488192893?
3, 43, 6429439
What are the prime factors of 2386976464?
2, 719, 207491
List the prime factors of 1658560.
2, 5, 71, 73
List the prime factors of 37546237.
271, 138547
List the prime factors of 34558064.
2, 67, 32237
List the prime factors of 4326370866.
2, 3, 1031, 25903
What are the prime factors of 28956607?
37, 782611
List the prime factors of 3081587020.
2, 5, 61, 1543, 1637
What are the prime factors of 78440174?
2, 853, 45979
List the prime factors of 57159484.
2, 983, 14537
List the prime factors of 16570025.
5, 97, 6833
What are the prime factors of 2680671928?
2, 11, 17, 31, 57803
List the prime factors of 12956838.
2, 3, 2159473
What are the prime factors of 900793986?
2, 3, 150132331
What are the prime factors of 2310411339?
3, 1451, 176921
List the prime factors of 178000319.
7, 17, 467, 3203
List the prime factors of 488415385.
5, 31, 3151067
What are the prime factors of 1666358094?
2, 3, 359, 773611
What are the prime factors of 193806182?
2, 6983, 13877
List the prime factors 